hat are the prime factors of n?
2, 3
Suppose 0 = -3*l - 2*m + 40, -4*l - 4*m - m + 58 = 0. What are the prime factors of l?
2, 3
What are the prime factors of (1 + 14)*48/18?
2, 5
Let a be (-42)/5 + (-9)/15. Let z be (a/6)/((-1)/(-8)). Let m = 6 - z. List the prime factors of m.
2, 3
Let x(c) = -c**3 + 7*c**2 - 6. List the prime factors of x(6).
2, 3, 5
Let b = -13 - -25. What are the prime factors of b?
2, 3
Suppose -5*l + 143 = 4*t - 1297, -15 = -3*t. List the prime factors of l.
2, 71
Let x be (-1 + 6)/1 - 2. Suppose x*y = y. Suppose -5*b - 5*m + 35 = y, 5*b - 2*m - 7 = -0*m. List the prime factors of b.
3
Let r(u) = 1 - 1 + u - 1. Let p be r(5). Suppose -13 = -7*s + 2*s + p*a, 2*s - 4 = 2*a. List the prime factors of s.
5
Suppose 25*f = 20*f + 380. List the prime factors of f.
2, 19
Suppose -2*g = -3*b + 21 - 6, 5*g = -3*b + 15. Let c = -7 + 11. Suppose g = -c*l + 12. List the prime factors of l.
3
Let m(l) = 2*l + 3. List the prime factors of m(4).
11
Let s be -2 - (-7 + (2 - -1)). Suppose -s*o + 38 = -3*j, j + 16 + 2 = o. What are the prime factors of o?
2
Let q = 14 + 5. Let h = q + -5. List the prime factors of h.
2, 7
Let b(o) = -o**3 + 9*o**2 - 2*o - 11. Let r be (-1 - -6) + 1 + 2. Let g be b(r). Suppose 3*j = -4*w + 2 + 40, -w = -4*j + g. List the prime factors of j.
2, 5
Let a(n) = -n**3 - 8*n**2 - n + 3. Suppose 3*q = 6*q + 24. List the prime factors of a(q).
11
Let l = 315 + -135. List the prime factors of l.
2, 3, 5
Let m(f) = f**3 - 2*f**2 - 4*f. Let n be m(3). Suppose 4*d + 9 - 53 = 5*j, -4*j = -3*d + 35. What are the prime factors of ((-66)/j)/n*-4?
11
Let t be (4 + 2)/((-2)/20). What are the prime factors of ((-6)/(-4))/((-5)/t)?
2, 3
Let h = 8 + -6. List the prime factors of (-2)/(-3)*21/h.
7
Let s(q) = -5 - q**3 - 2*q**2 - 5*q - 3*q - 3*q**2 - 3*q**2. What are the prime factors of s(-7)?
2
Suppose -4*t + 15 = -1. Suppose z = t*z. Suppose z = 4*h - 99 + 27. What are the prime factors of h?
2, 3
Let m = 32 + -14. Suppose 74 = 5*l - 3*p, -5*p + 32 = 5*l - m. What are the prime factors of l?
13
Suppose 5*y - 111 = 39. List the prime factors of y.
2, 3, 5
Let f(m) = -15*m**3 - 2*m - 1. Suppose -3*w + 1 = -a, 4*a - w + 4*w = -4. What are the prime factors of f(a)?
2
Suppose -94 + 26 = -2*y. What are the prime factors of y?
2, 17
Let a(g) be the third derivative of 0*g - g**2 + 1/3*g**3 - 1/60*g**5 - 1/120*g**6 + 1/12*g**4 + 0. List the prime factors of a(-3).
2, 7
Let y be (2/(-4))/((-1)/(-402)). What are the prime factors of y/(-7) + (-4)/(-14)?
29
Let k(o) = -7*o + 5. What are the prime factors of k(-7)?
2, 3
Let v(q) be the first derivative of -q**4/4 - q**2/2 + 17*q - 23. Suppose -5*z + 3 + 17 = 2*w, -4*w - 20 = -5*z. What are the prime factors of v(w)?
17
Let t(s) = s**3 - 6*s**2 + 3*s - 1. Let b be t(5). Let o = 15 + b. Suppose o*p - 3 - 33 = 0. What are the prime factors of p?
3
Let w be 30 - (-3 + (4 - 2)). Suppose -2*b = -w + 5. List the prime factors of b.
13
Suppose 0 = -2*k - 3*k + 200. What are the prime factors of k?
2, 5
Suppose 3*l - 5*l + 23 = -p, -l - 4*p + 25 = 0. List the prime factors of l.
13
Let p be -1 - 3/((-3)/4). Let u(y) = -3 + p*y - y + 4 + 3*y. What are the prime factors of u(4)?
3, 7
Let w(i) = 2 + 7*i - 2. Suppose 5*a + 1 = -4*s, 2*s = -3*s + 5*a + 10. What are the prime factors of w(s)?
7
Let c(s) = s**3 - 3*s**2 + s + 2. Let a be c(3). Suppose a*q - 3*q = 22. What are the prime factors of q?
11
Suppose 6*w + 90 = 8*w. What are the prime factors of w?
3, 5
Suppose 2*b + 2 = -8. Let d = b - -16. List the prime factors of d.
11
Let s = 158 + -96. Let l = -17 + s. List the prime factors of l.
3, 5
Let m = -63 - -148. Let j = m + -32. List the prime factors of j.
53
Let g(a) = -3*a**2 + 13*a + 15. Let j(c) = 2*c**2 - 6*c - 7. Let z(p) = -6*g(p) - 13*j(p). Let m be z(1). What are the prime factors of 1/(-2)*2*m?
7
Suppose 12 = -0*l + 2*l. Let n = l - 1. Suppose 3*m - n*o - 2 = 0, o + 4 = m - 0*o. List the prime factors of m.
3
Suppose -4*a + 43 + 125 = 0. What are the prime factors of a?
2, 3, 7
What are the prime factors of ((-19)/6)/((-1)/6)?
19
Let x(i) = 2*i - 10. Let n be x(7). Suppose -3*b + n*a + 2 + 3 = 0, -5*b + 16 = a. Suppose b*t - 5*d = -2*t + 35, 2*d = -4*t + 46. List the prime factors of t.
2, 5
Let b be 1/(3/6) + 1. Suppose -4*s + 5*s = -b. List the prime factors of 2 + s - (-4 + 1).
2
Suppose 3*u + 2*u - 50 = 0. List the prime factors of (0 + 3)/3 + u.
11
Let k = -2 - -20. Let o = -7 + k. List the prime factors of o.
11
Let y be (8/(-6))/(1/(-9)). Suppose y = m - 3. List the prime factors of m.
3, 5
Suppose -5*b + 5*t = -25, -10 = -5*b + 2*t + 3. Let s = 9 - b. List the prime factors of s.
2
Suppose -2*r + 74 = 4. Suppose -3*z + r = 2*z. What are the prime factors of z?
7
What are the prime factors of 5/(20/(-356))*-1?
89
List the prime factors of ((-4)/(32/20))/((-3)/78).
5, 13
Let j(n) = n**2 + 0*n + 1 + 2*n + n**3 + 0 - 9*n**3. List the prime factors of j(-1).
2
Suppose -3*u + 171 = 3*l, 4*l = 4*u - 2*u - 114. Suppose -y + u = -4*f, -88 + 10 = -2*y - 4*f. List the prime factors of y.
3, 5
Let n = -7 + 12. Suppose 90 = 5*o - y - y, 2*o + n*y = 36. Let g = o - 11. What are the prime factors of g?
7
Suppose 0 = -4*p + 5*s + 19, p + s = -3*s - 11. Suppose -1 = 5*y - 6. Let l = y + p. List the prime factors of l.
2
Let s be ((-102)/4)/((-3)/(-4)). Let i = -9 - s. What are the prime factors of i?
5
Let y be 36/(-27)*6/(-4). Let c = 1 + 2. Suppose -4*b + y = -c*b. What are the prime factors of b?
2
Suppose 4*c + 22 - 78 = 0. Let i = 16 - c. List the prime factors of i.
2
Let t(o) = o - 12. Let h be t(0). Let z = 3 - h. List the prime factors of z.
3, 5
Suppose -o = -2*o + 86. Suppose 0 = -x + o - 26. Suppose -3*s + 51 = m - 0*m, 0 = -3*s + 2*m + x. List the prime factors of s.
2, 3
What are the prime factors of ((-100)/3)/(2/(-3))?
2, 5
Let b(m) be the second derivative of -m**3/6 + m**2/2 + 3*m. Let a be b(-3). What are the prime factors of ((-6)/5)/(a/(-10))?
3
Let k = 10 - 15. Let r = 4 - k. What are the prime factors of r?
3
Suppose -s = -26 - 25. Suppose -3*l = -9 - s. Let t = l - 12. What are the prime factors of t?
2
Let k be 844/10 + 10/(-25). Let v = k + -59. List the prime factors of v.
5
Suppose -g - 2 = -0*g, 2*t - 2*g = 28. Suppose 2*u - r - 1 = 2*r, 4*r - t = -4*u. Suppose 2 = -u*c + 6. List the prime factors of c.
2
Let v = -10 + 32. What are the prime factors of v?
2, 11
Let q(c) = c + 10. What are the prime factors of q(8)?
2, 3
Let f(n) = n**3 - 6*n**2 - 6*n + 6. Let h = -4 + 6. Suppose -h*s = -16 + 2. What are the prime factors of f(s)?
13
Let w be 1 - 2 - (2 + -7). Suppose 2*l - 6*i + 2*i = -16, 0 = w*l + 3*i - 23. What are the prime factors of l?
2
Let j be (-477)/(-21) - 6/(-21). Suppose 2 = y + 3, 5*s - 3*y = j. Suppose s*n = -2 + 58. What are the prime factors of n?
2, 7
Let p be ((-4)/(-8))/((-2)/(-28)). Suppose 0 = 5*l - p - 3. What are the prime factors of l?
2
Let l(y) = -4*y**2 + 11*y**2 + 0*y**3 + 5*y - 2 - y + y**3. Suppose -6 = w - 0. List the prime factors of l(w).
2, 5
Suppose 0 = -3*h + 2*h - 1, -5*o - 2*h + 278 = 0. Suppose 5*i = 4 + o. List the prime factors of i.
2, 3
Let t(o) be the first derivative of -o**2/2 + 23*o - 2. What are the prime factors of t(0)?
23
Let c = -12 + 17. Let s(o) = 7*o**2 - 2*o - 1. Let a be s(-3). Suppose c*r - 12 = a. What are the prime factors of r?
2
List the prime factors of (-1539)/(-45) + (-8)/(-10).
5, 7
Let v(f) be the second derivative of -f**2 - 3*f + 0 + 1/6*f**3. List the prime factors of v(5).
3
Let c(q) = q**2 - 7*q - 1. Let i be c(8). Suppose 2*y = i - 1. Suppose 4*a = y + 21. What are the prime factors of a?
2, 3
Suppose -i + 98 = -5*k, 0*i + 4*k = 4*i - 424. List the prime factors of i.
2, 3
Suppose 4*s = -3 - 21. Let x be (s/4)/(9/60). What are the prime factors of (-1 - 0)/(2/x)?
5
Suppose 4*x = -4*c + 132, 2*c = -c - 9. Let u be (-1)/(-2) - x/8. List the prime factors of u/(-12) + (-22)/(-6).
2
What are the prime factors of (4/(-6))/(2/(-363))?
11
List the prime factors of 5/(225/10) - 34/(-9).
2
Suppose -5*m = 5*v - 20, -17 = m + m - 3*v. Suppose c - 6 = -3*u + 1, -3*c - 2*u + 7 = 0. Let x = c - m. What are the prime factors of x?
2
Suppose 0 = 2*i + 2*i - 260. What are the prime factors of i?
5, 13
L